tor of o and c?
4
Let j(r) = 18 + 29*r**2 + 8*r - 18 - 7*r. Let n = -4 + 5. Let f be j(n). Calculate the greatest common factor of f and 12.
6
Suppose -k + 297 + 166 = 2*b, -4*k + 1162 = 5*b. What is the highest common divisor of 130 and b?
10
Let c(m) = 137*m + 35. Let r be c(4). Suppose 0 = -4*n + 8*n - 212. What is the highest common factor of n and r?
53
Let n = 596 - 584. Calculate the greatest common divisor of n and 9.
3
Let t = 331 - 329. Calculate the highest common factor of t and 2.
2
Let u = -1210 + 1720. Calculate the greatest common divisor of u and 90.
30
Suppose 4*w = 2*q - 26, 3*w + 19 - 1 = q. Let h = 2 - w. Let m be 42/2 - (2 - 2). What is the greatest common factor of h and m?
7
Let q(l) = l**2 + 2*l + 55. Let j be q(-16). What is the greatest common factor of j and 31?
31
Let g(b) = 9*b**2 + 6*b. Let m be g(-4). Suppose 3*o - 6*o = -2*f - m, -120 = -3*o - 3*f. Calculate the highest common factor of 8 and o.
8
Let y(q) = 3*q**2 + 4*q. Let c be y(2). Suppose 46 = c*p - 19*p. Let h = -28 + p. Calculate the highest common factor of 27 and h.
9
Let k be (-56 - 2)*(-4)/8. Let x be ((-11)/(-2))/(4/232). What is the greatest common factor of k and x?
29
Suppose -2*p + 33 = -3*h, 3*p + 2*h = 8 + 22. What is the greatest common divisor of 66 and p?
6
Suppose 66 + 42 = 9*z. Let s = 45 - z. What is the greatest common divisor of s and 11?
11
Let w = -1059 + 1559. Calculate the greatest common divisor of 5 and w.
5
Let x = 2 - 2. Suppose 0*d + 2*d - 128 = x. Suppose -2*g + 5*g - 48 = 0. Calculate the highest common factor of g and d.
16
Suppose 2*i - 17 + 3 = -2*l, -4*i - 5*l + 23 = 0. Suppose -5*c + 764 = -4*n, 7*n - 9*n - 304 = -2*c. Calculate the highest common factor of c and i.
12
Let f be (36/10 - 4)*-470. Suppose -k + f = 3*v, -4*k + 6*v - 2*v = -816. Calculate the greatest common divisor of 25 and k.
25
Suppose 6*k - 3 = 3*k. Let q be 7 + -5 + 89*k. Suppose 5*z - q - 1009 = 0. What is the highest common factor of z and 20?
20
Suppose -2*o - 2*o = -4*a + 12500, 0 = -4*o + 8. Calculate the greatest common divisor of 53 and a.
53
Suppose -20 - 27 = -3*z + 2*b, b = 2. Suppose 3*q = 2*h - z, -3*q + 74 = h + 4*h. What is the highest common factor of h and 143?
13
Let u be (2/(-3))/((-28)/(-126)) - -12. What is the highest common divisor of 819 and u?
9
Let h be 58/14 + 1/(-7). Suppose 3*p - 5*p = -4*r, -2*p + h = -2*r. Suppose -285 = -c - p*c. What is the highest common divisor of c and 19?
19
Let m(x) = 58*x + 1. Let c be m(1). Suppose -v = -2*v + c. Suppose -s = 4*y - 71, -y = -5*y + 3*s + v. Calculate the greatest common factor of y and 136.
17
Let t be (-8064)/(-56)*1/2. What is the highest common factor of t and 936?
72
Suppose 5*k + 3 = 78. Let l(y) = 4*y - 28. Let b be l(k). Let m(f) = -f**3 + 6*f**2 + 7*f + 6. Let c be m(6). Calculate the greatest common divisor of b and c.
16
Suppose 2*h - 78 = -4*a, -11*a = -16*a + 20. What is the greatest common factor of 2 and h?
1
Let y be (-1764)/21*(-2 - 8/(-7)). Let a = 26 - 16. Suppose -a*p + 6*p = -y. Calculate the greatest common factor of p and 144.
18
Suppose 5*v = v - 2*v. Suppose v = -u - 3*u - 5*d + 43, -2*u = -2*d - 26. Calculate the highest common divisor of 108 and u.
12
Let l(u) = -u - 3. Let d(c) = -c**3 - c**3 - 22*c**2 - 2*c + 25*c**2. Let p be d(2). Let a be l(p). Calculate the highest common factor of a and 25.
5
Suppose 8*z = z + 392. What is the greatest common divisor of 24 and z?
8
Let q = -363 - -374. Calculate the greatest common divisor of q and 869.
11
Let a(u) = 2*u - 8. Let i be a(8). Suppose -2*f - 2*z = -0 + 6, f = 3*z + 13. What is the greatest common divisor of i and f?
1
Suppose 0 = -3*f - 9 + 144. Suppose 3*n = 5*q - 0*q - f, -4*n = -2*q + 32. Calculate the greatest common divisor of 6 and q.
6
Let r(c) = 28*c - 850. Let n be r(51). Calculate the highest common divisor of 238 and n.
34
Suppose -17*p = -16*p - 12. Suppose -y - 5*j + 1 = 0, -10 = -3*y + 4*j + p. Calculate the highest common divisor of 6 and y.
6
Suppose 0 = -5*t + 11 + 239. Calculate the greatest common factor of 225 and t.
25
Suppose 5*l = 6*l - 1. Suppose 4*i = -x + 15, -x + 27 = x + 5*i. Calculate the highest common factor of l and x.
1
Let y(a) = -a - 31. Let c(w) = 6*w + 156. Let t(l) = 3*c(l) + 16*y(l). Let r be t(27). Calculate the greatest common divisor of r and 286.
26
Suppose -2*i - p + 61 = -i, 5*i - 315 = -3*p. Suppose 9*f - 392 = -4*m + 11*f, -3*m + f + 295 = 0. Calculate the greatest common factor of m and i.
33
Let p = 5 - 3. Suppose -10 = 2*c + p*b + 3*b, 9 = c - b. Let o be (46/(-69))/((-1)/(-15))*(-12)/3. What is the highest common factor of o and c?
5
Let w be (162/(-4))/(99/(-132)). What is the highest common divisor of 1062 and w?
18
Suppose -17*k + 329 - 159 = 0. Calculate the highest common divisor of k and 230.
10
Let i = -33 - -67. Let f = -33 + i. Calculate the greatest common factor of 4 and f.
1
Suppose 0 = 3*a + 3*u - 276, 4*a + 0*u - 372 = -2*u. Let o = -67 + a. What is the greatest common divisor of o and 3?
3
Suppose -10*y + 883 + 217 = 0. What is the greatest common divisor of y and 22?
22
Suppose 0 = -b + 2*q + 98, 4*b - q = -21 + 434. Let f be (b/(-12) + 8)/((-4)/918). Calculate the greatest common factor of f and 17.
17
Suppose o = -4*p + 1, 5*o - 5 = 4*p - 0*p. Suppose p = -5*r + 2*s + 100, 40 = 2*r - 0*s + 3*s. Calculate the greatest common divisor of 50 and r.
10
Let a(w) = 110*w**3 + 7*w**2 + 3*w - 4. Let x be a(3). Calculate the highest common divisor of 62 and x.
62
Let r(m) = m**3 - 3*m + 6. Let b be r(4). Suppose 0 = -5*w + 92 + b. Calculate the highest common factor of 15 and w.
15
Let f be (-4)/(-2)*(-14)/(-4). Let s = 90 + 14. Suppose -3*i + 64 = -s. What is the highest common factor of f and i?
7
Suppose 0 = -0*i + i - 30. Calculate the highest common factor of i and 705.
15
Let q = -12 - -39. What is the greatest common divisor of 45 and q?
9
Suppose -5*j - 2*b = -10, 0*b = 4*b. Let t(p) = p**3 + 6*p**2 + 6*p - 2. Let s be t(-4). Calculate the highest common factor of j and s.
2
Let o be (7 - -378) + 3 + 2. Calculate the highest common factor of 30 and o.
30
Let u(c) = -c**3 - 14*c**2 + 13*c - 33. Let g be u(-15). Let a = 4 + g. Calculate the greatest common divisor of 3 and a.
1
Let r = -24 - -19. Let f be (-2)/4*((-25)/r + -53). What is the highest common factor of f and 16?
8
Let q be (-4)/(-6)*3/1. Suppose 30 - 10 = q*m. Suppose l - m = 1. Calculate the highest common factor of 33 and l.
11
Let p(k) = -498 + 288 + 258 - k. Let y be p(-7). What is the greatest common divisor of y and 440?
55
Let g = 197 + -194. Let t(h) = h**2 + 3*h - 7. Let d be t(4). Calculate the greatest common divisor of g and d.
3
Suppose -3*k + 3*u + 119 = -u, -5*k + 233 = 2*u. Suppose 4*r + 2*q - 114 = 0, -3*q = r - 0*r - 21. Calculate the greatest common divisor of k and r.
15
Suppose -5*k - k = -24. Let i(y) = -k*y + 3*y + 2*y + 8 - y**2. Let c be i(0). Calculate the highest common divisor of c and 72.
8
Let j = 157 - 97. Calculate the greatest common divisor of 45 and j.
15
Let v = 291 - 188. Calculate the highest common divisor of 206 and v.
103
Let o = 132 + -106. Calculate the highest common divisor of o and 78.
26
Let q = -1241 - -1337. Calculate the greatest common factor of q and 768.
96
Let t = 70 + -58. Let w(s) = 4*s**2 - 4*s + 4. Let m be 15*(0 + -1)/(-3). Let u be w(m). What is the highest common divisor of t and u?
12
Suppose -7*q - 18 = 17. Let h(g) = -g**2 - 4*g + 11. Let m be h(q). What is the highest common divisor of 6 and m?
6
Suppose 20 = 4*f - 3*r - 44, -80 = -5*f - 2*r. Calculate the greatest common factor of 228 and f.
4
Let t(n) = -67*n + 138. Let s be t(2). Let l(j) = 10*j**2 - j - 2. Let h be l(-2). What is the greatest common factor of h and s?
4
Suppose 4*o + 108 = 4. Let r = -14 - o. What is the greatest common factor of 6 and r?
6
Let l(y) = -y**2 + 30*y + 33. Let x be l(31). Let f = 1 + 2. Suppose 0 = 2*q - 3*g + 7, f*g = 4*q + g + 2. Calculate the highest common divisor of q and x.
1
Let z(q) = 3*q**2 + 40*q - 238. Let o be z(6). What is the greatest common divisor of 33 and o?
11
Suppose -6*y - 29 = 1. Let d be (-63)/(-14) + y + (-17)/(-2). What is the highest common factor of 4 and d?
4
Suppose 2*t - 126 = -2*z, 16*z - 1